{"id":646,"date":"2017-05-28T12:55:28","date_gmt":"2017-05-28T11:55:28","guid":{"rendered":"http:\/\/www.repent.cz\/?page_id=646"},"modified":"2021-08-23T21:36:43","modified_gmt":"2021-08-23T19:36:43","slug":"uvod","status":"publish","type":"page","link":"https:\/\/www.repent.cz\/en\/","title":{"rendered":"\u00davod"},"content":{"rendered":"<p>Tyto str\u00e1nky jsou ur\u010den\u00e9 p\u0159edev\u0161\u00edm k\u0159es\u0165an\u016fm, kte\u0159\u00ed jsou na cest\u011b do nebesk\u00e9 vlasti v procesu budov\u00e1n\u00ed osobn\u00ed v\u00edry a vztahu s <strong>\u017eiv\u00fdm Je\u017e\u00ed\u0161em<\/strong>. Na povzbuzen\u00ed a ut\u011b\u0161en\u00ed t\u011bm, kdo nyn\u00ed podstupuj\u00ed r\u016fzn\u00e1 sou\u017een\u00ed a t\u011b\u017ekosti, aby z\u016fstali v\u011brn\u00ed a v\u011bd\u011bli, \u017ee P\u00e1n je bl\u00edzko.<\/p>\n<p>Taky k napomenut\u00ed t\u011bm k\u0159es\u0165an\u016fm, jen\u017e se zapl\u00e9taj\u00ed do osidel tohoto sv\u011bta, t\u011bm kdo nesetrv\u00e1vaj\u00ed v pravd\u011b evangelia a sv\u00fdmi \u010diny zap\u00edraj\u00ed Je\u017e\u00ed\u0161e, aby p\u0159estali h\u0159e\u0161it, \u010dinili pok\u00e1n\u00ed a navr\u00e1tili se pln\u011b k Bohu, aby se p\u0159ipravili na P\u00e1n\u016fv p\u0159\u00edchod a nez\u016fstali zanech\u00e1ni zde na Zemi, kdy\u017e si Je\u017e\u00ed\u0161 p\u0159ijde pro svoji nev\u011bstu.<\/p>\n<p>S v\u011bdom\u00edm toho, \u017ee ne v\u0161ichni k\u0159es\u0165ani p\u0159ijmou v\u00fdzvu k posv\u011bcen\u00ed vlastn\u00edho \u017eivota, a budou zde zanech\u00e1n\u00ed v \u010dase velk\u00e9ho sou\u017een\u00ed, chceme jim (a taky v\u0161em t\u011bm, kdo nyn\u00ed je\u0161t\u011b nep\u0159ijali Je\u017e\u00ed\u0161e<br \/>\nza sv\u00e9ho P\u00e1na a spasitele) poskytnout d\u016fle\u017eit\u00e9 informace k tomu, aby se nenechali podruh\u00e9 oklamat a v\u011bd\u011bli, co maj\u00ed d\u011blat, a\u017e ten \u010das nastane.<\/p>\n<p>N\u011bkte\u0159\u00ed lid\u00e9 se domn\u00edvaj\u00ed, \u017ee slovo k\u0159es\u0165an se ani v Bibli nevyskytuje a je um\u011ble vytvo\u0159en\u00e9.<br \/>\nOpak je pravdou, ji\u017e v dob\u011b prvotn\u00ed c\u00edrkve byli ti, kdo mluvili o Je\u017e\u00ed\u0161i Kristu (mesi\u00e1\u0161i) a \u017eili podle toho,<br \/>\nco Je\u017e\u00ed\u0161 u\u010dil nazv\u00e1ni lidmi v Antiochii jako k\u0159es\u0165ani, neboli kristovci (Sk 11,26). Zpo\u010d\u00e1tku byli v\u0161ichni k\u0159es\u0165an\u00e9 z \u017did\u016f, pozd\u011bji uv\u011b\u0159ili v Je\u017e\u00ed\u0161e jako zachr\u00e1nce i pohan\u00e9. V dne\u0161n\u00ed dob\u011b se pojmem mesi\u00e1n\u0161t\u00ed \u017did\u00e9 ozna\u010duj\u00ed ti, jen\u017e se jako vyznava\u010di judaismu narodili, ale uznali, \u017ee <strong>Je\u017e\u00ed\u0161 je skute\u010dn\u011b ten proroky zasl\u00edben\u00fd Mesi\u00e1\u0161<\/strong>. Jejich praktikov\u00e1n\u00ed v\u00edry je tedy stejn\u00e9 s k\u0159es\u0165any, kulturn\u011b si ponechali izraelskou identitu.<\/p>","protected":false},"excerpt":{"rendered":"<p>Tyto str\u00e1nky jsou ur\u010den\u00e9 p\u0159edev\u0161\u00edm k\u0159es\u0165an\u016fm, kte\u0159\u00ed jsou na cest\u011b do nebesk\u00e9 vlasti v procesu budov\u00e1n\u00ed osobn\u00ed v\u00edry a vztahu s \u017eiv\u00fdm Je\u017e\u00ed\u0161em. Na povzbuzen\u00ed a ut\u011b\u0161en\u00ed t\u011bm, kdo nyn\u00ed podstupuj\u00ed r\u016fzn\u00e1 sou\u017een\u00ed a t\u011b\u017ekosti, aby z\u016fstali v\u011brn\u00ed a v\u011bd\u011bli, \u017ee P\u00e1n je bl\u00edzko. Taky k napomenut\u00ed t\u011bm k\u0159es\u0165an\u016fm, jen\u017e se zapl\u00e9taj\u00ed do osidel tohoto [&hellip;]<\/p>\n","protected":false},"author":1,"featured_media":0,"parent":0,"menu_order":0,"comment_status":"closed","ping_status":"closed","template":"page-home.php","meta":[],"_links":{"self":[{"href":"https:\/\/www.repent.cz\/en\/wp-json\/wp\/v2\/pages\/646"}],"collection":[{"href":"https:\/\/www.repent.cz\/en\/wp-json\/wp\/v2\/pages"}],"about":[{"href":"https:\/\/www.repent.cz\/en\/wp-json\/wp\/v2\/types\/page"}],"author":[{"embeddable":true,"href":"https:\/\/www.repent.cz\/en\/wp-json\/wp\/v2\/users\/1"}],"replies":[{"embeddable":true,"href":"https:\/\/www.repent.cz\/en\/wp-json\/wp\/v2\/comments?post=646"}],"version-history":[{"count":10,"href":"https:\/\/www.repent.cz\/en\/wp-json\/wp\/v2\/pages\/646\/revisions"}],"predecessor-version":[{"id":1170,"href":"https:\/\/www.repent.cz\/en\/wp-json\/wp\/v2\/pages\/646\/revisions\/1170"}],"wp:attachment":[{"href":"https:\/\/www.repent.cz\/en\/wp-json\/wp\/v2\/media?parent=646"}],"curies":[{"name":"wp","href":"https:\/\/api.w.org\/{rel}","templated":true}]}}

Úvod

<p>Tyto stránky jsou určené především křesťanům, kteří jsou na cestě do nebeské vlasti v procesu budování osobní víry a vztahu s <strong>živým Ježíšem</strong>. Na povzbuzení a utěšení těm, kdo nyní podstupují různá soužení a těžkosti, aby zůstali věrní a věděli, že Pán je blízko.</p>
<p>Taky k napomenutí těm křesťanům, jenž se zaplétají do osidel tohoto světa, těm kdo nesetrvávají v pravdě evangelia a svými činy zapírají Ježíše, aby přestali hřešit, činili pokání a navrátili se plně k Bohu, aby se připravili na Pánův příchod a nezůstali zanecháni zde na Zemi, když si Ježíš přijde pro svoji nevěstu.</p>
<p>S vědomím toho, že ne všichni křesťani přijmou výzvu k posvěcení vlastního života, a budou zde zanechání v čase velkého soužení, chceme jim (a taky všem těm, kdo nyní ještě nepřijali Ježíše<br />
za svého Pána a spasitele) poskytnout důležité informace k tomu, aby se nenechali podruhé oklamat a věděli, co mají dělat, až ten čas nastane.</p>
<p>Někteří lidé se domnívají, že slovo křesťan se ani v Bibli nevyskytuje a je uměle vytvořené.<br />
Opak je pravdou, již v době prvotní církve byli ti, kdo mluvili o Ježíši Kristu (mesiáši) a žili podle toho,<br />
co Ježíš učil nazváni lidmi v Antiochii jako křesťani, neboli kristovci (Sk 11,26). Zpočátku byli všichni křesťané z Židů, později uvěřili v Ježíše jako zachránce i pohané. V dnešní době se pojmem mesiánští Židé označují ti, jenž se jako vyznavači judaismu narodili, ale uznali, že <strong>Ježíš je skutečně ten proroky zaslíbený Mesiáš</strong>. Jejich praktikování víry je tedy stejné s křesťany, kulturně si ponechali izraelskou identitu.</p>

<p>Tyto stránky jsou určené především křesťanům, kteří jsou na cestě do nebeské vlasti v procesu budování osobní víry a vztahu s živým Ježíšem. Na povzbuzení a utěšení těm, kdo nyní podstupují různá soužení a těžkosti, aby zůstali věrní a věděli, že Pán je blízko. Taky k napomenutí těm křesťanům, jenž se zaplétají do osidel tohoto [&hellip;]</p>
